e prime factors of 12299?
7, 251
What are the prime factors of 12913?
37, 349
What are the prime factors of 15938?
2, 13, 613
List the prime factors of 260.
2, 5, 13
What are the prime factors of 11892?
2, 3, 991
List the prime factors of 9466.
2, 4733
What are the prime factors of 2571?
3, 857
List the prime factors of 5273.
5273
List the prime factors of 26047.
7, 61
List the prime factors of 94.
2, 47
What are the prime factors of 27940?
2, 5, 11, 127
What are the prime factors of 309?
3, 103
What are the prime factors of 231?
3, 7, 11
What are the prime factors of 838?
2, 419
What are the prime factors of 10692?
2, 3, 11
List the prime factors of 6530.
2, 5, 653
List the prime factors of 28781.
17, 1693
What are the prime factors of 9320?
2, 5, 233
List the prime factors of 15489.
3, 1721
List the prime factors of 6277.
6277
What are the prime factors of 2232?
2, 3, 31
List the prime factors of 2320.
2, 5, 29
List the prime factors of 44129.
44129
List the prime factors of 218.
2, 109
What are the prime factors of 3771?
3, 419
What are the prime factors of 103238?
2, 41, 1259
List the prime factors of 133777.
7, 29, 659
List the prime factors of 11351.
11351
List the prime factors of 84229.
84229
List the prime factors of 1140.
2, 3, 5, 19
List the prime factors of 3913.
7, 13, 43
List the prime factors of 26277.
3, 19, 461
List the prime factors of 10522.
2, 5261
List the prime factors of 1970.
2, 5, 197
What are the prime factors of 7078?
2, 3539
What are the prime factors of 2895?
3, 5, 193
List the prime factors of 6689.
6689
What are the prime factors of 12935?
5, 13, 199
What are the prime factors of 9327?
3, 3109
List the prime factors of 5092.
2, 19, 67
List the prime factors of 93293.
29, 3217
List the prime factors of 52371.
3, 11, 23
What are the prime factors of 37752?
2, 3, 11, 13
List the prime factors of 74534.
2, 83, 449
What are the prime factors of 3472?
2, 7, 31
What are the prime factors of 18053?
7, 2579
List the prime factors of 12976.
2, 811
List the prime factors of 204539.
23, 8893
List the prime factors of 10337.
10337
What are the prime factors of 2185?
5, 19, 23
List the prime factors of 973.
7, 139
List the prime factors of 2307.
3, 769
What are the prime factors of 17019?
3, 31, 61
What are the prime factors of 3047?
11, 277
What are the prime factors of 26934?
2, 3, 67
List the prime factors of 703.
19, 37
List the prime factors of 251.
251
List the prime factors of 897.
3, 13, 23
What are the prime factors of 3650?
2, 5, 73
What are the prime factors of 8181?
3, 101
What are the prime factors of 7071?
3, 2357
What are the prime factors of 5439?
3, 7, 37
List the prime factors of 125.
5
List the prime factors of 2309.
2309
List the prime factors of 1561.
7, 223
What are the prime factors of 12864?
2, 3, 67
List the prime factors of 6528.
2, 3, 17
What are the prime factors of 48414?
2, 3, 8069
What are the prime factors of 4594?
2, 2297
List the prime factors of 1623.
3, 541
List the prime factors of 14383.
19, 757
What are the prime factors of 67311?
3, 277
List the prime factors of 2226.
2, 3, 7, 53
List the prime factors of 3808.
2, 7, 17
List the prime factors of 31685.
5, 6337
List the prime factors of 1550.
2, 5, 31
What are the prime factors of 57923?
57923
What are the prime factors of 3022?
2, 1511
List the prime factors of 131865.
3, 5, 59, 149
What are the prime factors of 1641?
3, 547
List the prime factors of 16398.
2, 3, 911
List the prime factors of 1933.
1933
What are the prime factors of 1763?
41, 43
What are the prime factors of 232?
2, 29
What are the prime factors of 1544?
2, 193
What are the prime factors of 756?
2, 3, 7
What are the prime factors of 1888?
2, 59
List the prime factors of 14065.
5, 29, 97
List the prime factors of 675.
3, 5
What are the prime factors of 1719?
3, 191
What are the prime factors of 790?
2, 5, 79
What are the prime factors of 58874?
2, 29437
What are the prime factors of 12623?
13, 971
List the prime factors of 142.
2, 71
What are the prime factors of 1120?
2, 5, 7
What are the prime factors of 30570?
2, 3, 5, 1019
What are the prime factors of 1109?
1109
What are the prime factors of 100417?
100417
What are the prime factors of 12899?
12899
List the prime factors of 40807.
13, 43, 73
What are the prime factors of 1217?
1217
List the prime factors of 108454.
2, 211, 257
What are the prime factors of 1457?
31, 47
List the prime factors of 44221.
44221
What are the prime factors of 114162?
2, 3, 53, 359
What are the prime factors of 93341?
31, 3011
What are the prime factors of 2154?
2, 3, 359
What are the prime factors of 6974?
2, 11, 317
List the prime factors of 5408.
2, 13
What are the prime factors of 81184?
2, 43, 59
What are the prime factors of 7278?
2, 3, 1213
List the prime factors of 1256.
2, 157
What are the prime factors of 33227?
149, 223
What are the prime factors of 9538?
2, 19, 251
What are the prime factors of 159592?
2, 19949
List the prime factors of 50456.
2, 7, 17, 53
What are the prime factors of 8833?
11, 73
What are the prime factors of 9979?
17, 587
List the prime factors of 1808.
2, 113
List the prime factors of 434.
2, 7, 31
List the prime factors of 9208.
2, 1151
List the prime factors of 3791.
17, 223
What are the prime factors of 16281?
3, 67
What are the prime factors of 3848?
2, 13, 37
What are the prime factors of 11854?
2, 5927
List the prime factors of 12502.
2, 7, 19, 47
What are the prime factors of 4373?
4373
What are the prime factors of 2272?
2, 71
List the prime factors of 531.
3, 59
What are the prime factors of 10587?
3, 3529
What are the prime factors of 7997?
11, 727
What are the prime factors of 6811?
7, 139
List the prime factors of 910.
2, 5, 7, 13
List the prime factors of 1002.
2, 3, 167
List the prime factors of 23963.
31, 773
What are the prime factors of 13593?
3, 23, 197
List the prime factors of 38927.
7, 67, 83
What are the prime factors of 926?
2, 463
List the prime factors of 1510.
2, 5, 151
List the prime factors of 20663.
20663
List the prime factors of 5421.
3, 13, 139
List the prime factors of 1095.
3, 5, 73
List the prime factors of 457.
457
List the prime factors of 83860.
2, 5, 7, 599
List the prime factors of 37416.
2, 3, 1559
What are the prime factors of 14224?
2, 7, 127
List the prime factors of 1614.
2, 3, 269
What are the prime factors of 15361?
15361
List the prime factors of 789.
3, 263
What are the prime factors of 87200?
2, 5, 109
List the prime factors of 5067.
3, 563
List the prime factors of 8964.
2, 3, 83
What are the prime factors of 1812?
2, 3, 151
What are the prime factors of 21422?
2, 10711
What are the prime factors of 11755?
5, 2351
What are the prime factors of 1448?
2, 181
List the prime factors of 26134.
2, 73, 179
What are the prime factors of 2270?
2, 5, 227
List the prime factors of 63683.
43, 1481
What are the prime factors of 625?
5
What are the prime factors of 39107?
39107
List the prime factors of 91330.
2, 5, 9133
What are the prime factors of 1006?
2, 503
What are the prime factors of 11740?
2, 5, 587
What are the prime factors of 15919?
15919
What are the prime factors of 18786?
2, 3, 31, 101
List the prime factors of 868.
2, 7, 31
List the prime factors of 6786.
2, 3, 13, 29
List the prime factors of 8048.
2, 503
List the prime factors of 1500.
2, 3, 5
List the prime factors of 3433.
3433
List the prime factors of 7802.
2, 47, 83
What are the prime factors of 119508?
2, 3, 23, 433
What are the prime factors of 62453?
19, 173
List the prime factors of 90581.
239, 379
List the prime factors of 289.
17
What are the prime factors of 3408?
2, 3, 71
List the prime factors of 11053.
7, 1579
List the prime factors of 1168.
2, 73
List the prime factors of 12261.
3, 61, 67
List the prime factors of 2643.
3, 881
What are the prime factors of 14421?
3, 11, 19, 23
What are the prime factors of 1934?
2, 967
List the prime factors of 10888.
2, 1361
List the prime factors of 878.
2, 439
What are the prime factors of 17613?
3, 19, 103
What are the prime factors of 4361?
7, 89
What are the prime factors of 18555?
3, 5, 1237
List the prime factors of 128294.
2, 23, 2789
List the prime factors of 12551.
7, 11, 163
What are the prime factors of 87898?
2, 71, 619
What are the pr